c.
13
Let c(b) = 7*b + 15. Let l be c(-4). Let k = 30 + l. Calculate the remainder when 48 is divided by k.
14
Suppose -693*h - 230 = -703*h. What is the remainder when (1/2)/1*82 is divided by h?
18
Let j be (2/(-1) + 7)*(-2)/5. Calculate the remainder when 42 is divided by 23 - (3/(-21) + j/(-14)).
19
What is the remainder when ((-139)/5)/(16/(-80)) is divided by 20?
19
What is the remainder when 279 is divided by (-1318)/(-18) - (2 - 112/63)?
60
Let w = 175 + -147. What is the remainder when 63 is divided by w?
7
Suppose -s + 25 = -4*w, 9*w + 12 = 13*w. What is the remainder when s is divided by 20?
17
Let h be (80/3)/(18/135). Suppose 2*i + 51 = -2*x + 159, 4*i + h = 4*x. Calculate the remainder when 35 is divided by ((-17)/34)/((-2)/x).
9
Suppose 85 = 2*p + 5*j - 24, 0 = 4*p - 2*j - 254. What is the remainder when 84 is divided by p?
22
Let h = -32 - -26. Let m be ((-2)/h)/(13/78). Suppose 2*r = -3*w + 20, -r - 11 = -m*r - w. What is the remainder when 38 is divided by r?
12
Suppose 2*u = -8 - 38. Let o = 23 + u. Suppose o = -3*t + 4 + 14. Calculate the remainder when t is divided by 2.
0
Suppose 0*p + p + 4*v - 95 = 0, 0 = 4*p + v - 350. Suppose 7*i + 31*i = 1140. Calculate the remainder when p is divided by i.
27
Suppose 3*y = -2*b + 11, -y = 4*b - 9 + 2. Let q = 46 + -48. What is the remainder when 2 is divided by (10 - 11)*(q + b)?
0
Suppose 5*j + 28*h = 27*h + 147, -2*j + h + 56 = 0. What is the remainder when 115 is divided by j?
28
Let i be -1 + 181 - (4 - (10 - 5)). Let g = i - 92. Calculate the remainder when g is divided by 13.
11
Suppose -19*v - 162 = -28*v. Let j(t) = t**2 - 3*t - 4. Let r be j(4). Suppose 0 = k - r*k - 69. What is the remainder when k is divided by v?
15
Let q(b) = 3*b - 24. Let t be q(27). Let h = 61 - t. Calculate the remainder when h is divided by 4.
0
Suppose 16*v - 35*v = -4370. What is the remainder when v is divided by 8?
6
Let i be ((-13)/(-52))/((-3)/24). Let h(d) be the second derivative of -7*d**3/3 - 2*d. What is the remainder when 109 is divided by h(i)?
25
Let h(j) = j**3 + 34*j**2 + 24*j - 86. What is the remainder when h(-33) is divided by 44?
35
Let m(n) = n**2 + 13*n + 25. Calculate the remainder when 46 is divided by m(0).
21
Let r(z) = 4*z**3 - z**2 + 3*z - 2. Let g be r(1). Suppose 116 = 4*i - g*v, -32 + 12 = 5*v. Calculate the remainder when 99 is divided by i.
24
Let m be ((-31)/(-1))/((-5)/(-10)). Let s = -42 + m. Suppose -4*b - 74 = -6*b. Calculate the remainder when b is divided by s.
17
Suppose 3*u + 5*v = v - 10, 3*u = -v + 2. Let t(g) = 2*g**2 - 2*g - 2*g**2 + 3 - 2*g**u + g**3. Calculate the remainder when 14 is divided by t(3).
2
Suppose -72 + 84 = 4*g. Suppose -g*a - 27 + 87 = 0. What is the remainder when a is divided by 7?
6
Suppose 4*s + 52 = 2*q, -5*q = -2*q + 5*s - 111. Let w(o) = 10*o**2 + 4*o - 9. What is the remainder when w(3) is divided by q?
29
Suppose 55 = 13*l - 8*l. What is the remainder when 14 is divided by l?
3
Let j(v) = v**3 - 12*v**2 + 37*v - 15. What is the remainder when 143 is divided by j(8)?
18
Suppose -684 = 4*x - 0*x. Let y be -2*(-4)/((-8)/x). Suppose -5*a - 4*r + 15 + y = 0, -4*r + 110 = 3*a. Calculate the remainder when a is divided by 10.
8
Let k(x) = -x**2 - 10*x + 29. Suppose 5*m = 2*m - 36. What is the remainder when 13 is divided by k(m)?
3
Suppose 0 = 2*d - a - 93, 2*a - 167 = -5*d + 88. Calculate the remainder when d is divided by 10.
9
Suppose 3*g = g. Suppose -3*z - 3 + 126 = g. Let m = 72 - z. What is the remainder when m is divided by 8?
7
Let d(j) = j**2 + 3*j. Let t be d(-4). Suppose z = -r + 1286, -t*z + 201 + 2375 = 2*r. Calculate the remainder when 57 is divided by (-4)/14 + r/84.
12
Let p(l) = -3*l + 14*l + 11*l**2 - l**3 + 4 - l**2. Let q be p(11). Suppose 0 = -3*m + q*m - 17. What is the remainder when 49 is divided by m?
15
Let g(j) = -j**3 - 3*j**2 + 5*j + 6. Let z = 7 + -11. Let q be g(z). Suppose -3*v + 8 = -q*v. What is the remainder when 15 is divided by v?
7
Let i = 22 + -18. Suppose c - i = -3. What is the remainder when (4 - (-37)/1)/c is divided by 11?
8
Let p be (3/((-75)/40))/(4/(-10)). Calculate the remainder when -2*(-10 + -2) + -1 is divided by (-20)/(-5) + -2 + p.
5
What is the remainder when 99 is divided by -2*1 + 46 + 9?
46
Suppose 0*y = y + 1. Let d be y*-9*(2 - 1). Suppose 0 = -d*x + 13*x - 112. What is the remainder when x is divided by 10?
8
Suppose 3*n - 202 = -2*c, 0 = -3*c + 3*n + 333. Suppose 2*i = 3*i - 12. Calculate the remainder when c is divided by i.
11
Suppose 6*b + 2*n + 38 = b, b + 3 = -5*n. Let t = -34 - b. Let s = t + 41. Calculate the remainder when 44 is divided by s.
14
Suppose 0 = 4*c - 12 - 8. Let l = -588 + 597. Calculate the remainder when l is divided by c.
4
Let l(z) = z**2 + 17*z + 9. What is the remainder when 278 is divided by l(-19)?
43
Suppose 35 = -8*u + 3*u. What is the remainder when (-117)/(-3) + 2*-1 is divided by 57/(u - -4)*-1?
18
Let y = 935 + -916. Calculate the remainder when 187 is divided by y.
16
Let p(m) = -m**2 + 2*m + 15. Let j be p(5). Suppose w + 9*w - 200 = j. Calculate the remainder when 178 is divided by w.
18
Suppose -95 = -6*d + 43. Let p = d + -20. Suppose -r = 3*w - 36, p*w = -3*r + 7*w + 95. What is the remainder when r is divided by 17?
16
Let c be 4/6 - 160/6. Let u = 385 - 337. Let r = u + c. Calculate the remainder when r is divided by 6.
4
Let y(r) = 19*r**2 + 2. Let m be y(2). Let u = 84 - m. What is the remainder when 63 is divided by u?
3
Suppose -v + 57 = 42. What is the remainder when 134 is divided by v?
14
Let v(l) = l**3 + 32*l**2 + 35*l + 153. Calculate the remainder when 34 is divided by v(-31).
5
Let g(s) = -15*s**2 + 3*s - 2. Let k be g(3). Let r = 205 + k. Calculate the remainder when r is divided by 16.
13
Let n(m) = -m**3 - 11*m**2 - 18*m + 21. What is the remainder when 984 is divided by n(-9)?
18
Suppose -3*z - 65 = -4*w, 125 = 5*w + 4*z + z. Suppose 2*q - 7*q + w = 0. What is the remainder when q is divided by 3?
1
Suppose 2*k + 41 - 77 = 0. Calculate the remainder when 3 - (345/(-5) + 3) is divided by k.
15
Suppose -5*a = -41 + 21. What is the remainder when (a/(-10))/(4/(-1230)*3) is divided by 22?
19
Let g(m) = m**3 + 10*m**2 + 22*m + 17. Calculate the remainder when 1117 is divided by g(-5).
29
Suppose 5*n = -4*a + 44, 5*n - 82*a + 87*a - 40 = 0. Suppose -3*c + 43 = -161. What is the remainder when c is divided by n?
8
Suppose g + 51 = 2*c, -4*c = 4*g - 141 + 9. Suppose 6*w - 645 = 3*w. Calculate the remainder when w/4 - (-11)/44 is divided by c.
26
Suppose -2*j + l = -2, 0 = -4*l + 2*l + 8. Suppose -4*x + p + 101 = 0, x + j*p + 121 = 6*x. What is the remainder when x is divided by 9?
8
Let w = -66 + 92. Suppose -w*d = -23*d - 441. What is the remainder when d is divided by 30?
27
Suppose 382*x = 376*x + 144. Calculate the remainder when 137 is divided by x.
17
Let w = -153 + 161. What is the remainder when 61 is divided by w?
5
Let o be (6*-1)/((-6)/8). Let u = 3 + o. Calculate the remainder when (2/(-3))/(142/(-9159)) is divided by u.
10
Let m = -37 - -34. Calculate the remainder when 4 - 3*(-4 - m) is divided by 3.
1
Suppose -4*q - 5*z - 11 - 87 = 0, -4 = 2*z. Let u be (-256)/(-44) + (-4)/q. Suppose u*t - 3 = 39. What is the remainder when 13 is divided by t?
6
Let k = -17 - -21. Suppose 5*h + 26 = 5*j - 29, k*h + 26 = -5*j. Calculate the remainder when 46 is divided by (h - -10)*6*2.
10
Let d(y) = -8*y**3 + y + 1. Let h be d(-1). Let c be (h/20)/((-2)/(-10)). Let r(i) = 11*i - 1. Calculate the remainder when 41 is divided by r(c).
20
Let v(a) = 3*a - 18. Let g be v(7). What is the remainder when 3/g - 3/((-6)/86) is divided by 9?
8
Let g(c) = -42 - 2*c + 5*c - 5*c**2 + c**3 + 12 - c**2. Calculate the remainder when g(8) is divided by 25.
22
What is the remainder when (1 + 0)/(924/(-931) + 1) is divided by 29?
17
Let s(v) = -2*v**3 + 19*v**2 - 9*v + 8. Suppose -d - 8 = 3*d, 2*z + 4*d = -134. Let l = -34 - z. Calculate the remainder when l is divided by s(9).
5
Let u(f) = -4*f - 9. Suppose 0*t + 12 = -t. Let r be u(t). Suppose r = 2*g - 5*y, -21 = -2*g - 0*g - y. Calculate the remainder when 35 is divided by g.
11
Calculate the remainder when (-10 - -17 - 6)*17 is divided by 9.
8
Let d = 385 + -379. What is the remainder